prime factors of 335080?
2, 5, 8377
What are the prime factors of 9564946?
2, 4782473
List the prime factors of 945173.
41, 23053
List the prime factors of 1105905.
3, 5, 73727
What are the prime factors of 317187?
3, 13, 2711
List the prime factors of 12433883.
7, 11, 31, 5209
What are the prime factors of 204406?
2, 102203
What are the prime factors of 74673?
3, 8297
List the prime factors of 408467.
97, 4211
What are the prime factors of 711245?
5, 59, 2411
List the prime factors of 582883.
7, 83269
What are the prime factors of 31751268?
2, 3, 241, 10979
List the prime factors of 309323.
7, 44189
What are the prime factors of 168365?
5, 151, 223
What are the prime factors of 2193373?
7, 13, 24103
What are the prime factors of 45983?
7, 6569
What are the prime factors of 697471?
19, 36709
List the prime factors of 3056906.
2, 17, 89909
List the prime factors of 1449866.
2, 11, 59, 1117
List the prime factors of 220187.
11, 37, 541
List the prime factors of 298165.
5, 7, 1217
List the prime factors of 1623644.
2, 11, 36901
List the prime factors of 1064827.
331, 3217
List the prime factors of 241300.
2, 5, 19, 127
What are the prime factors of 7011927?
3, 13, 6659
List the prime factors of 9834.
2, 3, 11, 149
What are the prime factors of 123402?
2, 3, 131, 157
List the prime factors of 1741846.
2, 101, 8623
List the prime factors of 1343708.
2, 61, 5507
What are the prime factors of 19204996?
2, 31, 61, 2539
What are the prime factors of 7094185?
5, 7, 17, 11923
List the prime factors of 10052372.
2, 11, 17, 89, 151
What are the prime factors of 17732400?
2, 3, 5, 7, 2111
List the prime factors of 2794167.
3, 310463
List the prime factors of 24881911.
353, 70487
What are the prime factors of 7819583?
19, 411557
What are the prime factors of 2094752?
2, 11, 541
What are the prime factors of 2694190?
2, 5, 269419
What are the prime factors of 934803?
3, 103867
List the prime factors of 4172120.
2, 5, 37, 2819
What are the prime factors of 2396831?
19, 101, 1249
What are the prime factors of 232804?
2, 11, 13, 37
List the prime factors of 125926.
2, 79, 797
What are the prime factors of 3253736?
2, 406717
What are the prime factors of 6149454?
2, 3, 1024909
What are the prime factors of 2888659?
53, 54503
What are the prime factors of 294768?
2, 3, 23, 89
What are the prime factors of 336511?
7, 48073
List the prime factors of 291302.
2, 11, 13241
List the prime factors of 4501917.
3, 7, 19, 3761
What are the prime factors of 127788?
2, 3, 23, 463
List the prime factors of 14276687.
1487, 9601
What are the prime factors of 8463549?
3, 2821183
What are the prime factors of 13999945?
5, 2799989
What are the prime factors of 1139506?
2, 19, 157, 191
What are the prime factors of 1760648?
2, 29, 7589
What are the prime factors of 860039?
23, 61, 613
What are the prime factors of 178324?
2, 109, 409
What are the prime factors of 2703599?
2703599
List the prime factors of 145910.
2, 5, 14591
What are the prime factors of 4946464?
2, 331, 467
List the prime factors of 1810403.
7, 36947
List the prime factors of 22657316.
2, 11, 514939
List the prime factors of 5383669.
19, 41, 6911
What are the prime factors of 440328?
2, 3, 7, 2621
What are the prime factors of 241762?
2, 109, 1109
What are the prime factors of 2586159?
3, 17, 16903
List the prime factors of 1151481.
3, 463, 829
List the prime factors of 353719.
17, 20807
What are the prime factors of 497611?
29, 17159
List the prime factors of 87946.
2, 43973
What are the prime factors of 34670081?
71, 488311
What are the prime factors of 92266?
2, 46133
List the prime factors of 825109.
825109
What are the prime factors of 18810397?
31, 599, 1013
List the prime factors of 21067.
21067
What are the prime factors of 16326706?
2, 11, 313, 2371
What are the prime factors of 27512?
2, 19, 181
What are the prime factors of 103975?
5, 4159
List the prime factors of 5165792.
2, 37, 4363
List the prime factors of 5848927.
7, 83, 10067
List the prime factors of 291898.
2, 145949
List the prime factors of 1870600.
2, 5, 47, 199
What are the prime factors of 504421?
37, 13633
List the prime factors of 13713.
3, 7, 653
List the prime factors of 1063479.
3, 83, 4271
What are the prime factors of 10955523?
3, 149, 24509
List the prime factors of 212883.
3, 11, 6451
What are the prime factors of 16882345?
5, 23, 73, 2011
List the prime factors of 38876.
2, 9719
What are the prime factors of 34720432?
2, 23, 94349
List the prime factors of 1765958.
2, 882979
What are the prime factors of 3091289?
31, 99719
What are the prime factors of 633301?
17, 37253
What are the prime factors of 2635822?
2, 7, 188273
What are the prime factors of 757552?
2, 113, 419
What are the prime factors of 5505611?
19, 101, 151
What are the prime factors of 2903806?
2, 467, 3109
What are the prime factors of 173844?
2, 3, 11, 439
What are the prime factors of 6947801?
7, 599, 1657
List the prime factors of 20909910.
2, 3, 5, 7, 99571
List the prime factors of 794647.
7, 61, 1861
List the prime factors of 480863.
61, 7883
What are the prime factors of 1536468?
2, 3, 61, 2099
What are the prime factors of 15850153?
11, 29, 4517
What are the prime factors of 14057129?
83, 257, 659
What are the prime factors of 14643?
3, 1627
What are the prime factors of 1542633?
3, 23, 79, 283
List the prime factors of 4399339.
7, 628477
What are the prime factors of 425913?
3, 141971
List the prime factors of 1808579.
17, 191, 557
List the prime factors of 6224217.
3, 2074739
What are the prime factors of 771915?
3, 5, 51461
List the prime factors of 1439416.
2, 11, 1487
What are the prime factors of 11583975?
3, 5, 13, 109
List the prime factors of 4019284.
2, 29, 34649
What are the prime factors of 169009?
169009
What are the prime factors of 145490?
2, 5, 14549
List the prime factors of 168036.
2, 3, 11, 19, 67
What are the prime factors of 1080250?
2, 5, 29, 149
What are the prime factors of 288?
2, 3
List the prime factors of 4082025.
3, 5, 37, 1471
List the prime factors of 8775588.
2, 3, 731299
What are the prime factors of 644189?
7, 13, 7079
List the prime factors of 3964548.
2, 3, 7, 109, 433
What are the prime factors of 1419116?
2, 354779
List the prime factors of 1125012.
2, 3, 7, 59, 227
What are the prime factors of 330126?
2, 3, 55021
What are the prime factors of 519452?
2, 17, 7639
What are the prime factors of 7368955?
5, 11, 133981
List the prime factors of 7766026.
2, 29, 257, 521
List the prime factors of 17709143.
73, 242591
What are the prime factors of 1270864?
2, 7, 1621
List the prime factors of 14466596.
2, 3616649
List the prime factors of 5637725.
5, 225509
List the prime factors of 81288.
2, 3, 1129
What are the prime factors of 3221792?
2, 7, 19, 757
What are the prime factors of 1810389?
3, 7, 86209
What are the prime factors of 45102?
2, 3, 7517
What are the prime factors of 24224713?
223, 108631
List the prime factors of 192947.
23, 8389
List the prime factors of 635016.
2, 3, 26459
What are the prime factors of 15372431?
47, 6959
List the prime factors of 423880.
2, 5, 10597
List the prime factors of 26746.
2, 43, 311
What are the prime factors of 124292?
2, 7, 23, 193
What are the prime factors of 957893?
37, 25889
What are the prime factors of 225169?
7, 19, 1693
List the prime factors of 1561844.
2, 37, 61, 173
What are the prime factors of 373378?
2, 186689
List the prime factors of 2522604.
2, 3, 7, 59, 509
List the prime factors of 2163457.
47, 191, 241
List the prime factors of 2816733.
3, 127, 7393
List the prime factors of 19349115.
3, 5, 31, 41611
List the prime factors of 22834001.
2551, 8951
What are the prime factors of 106541?
106541
What are the prime factors of 69010?
2, 5, 67, 103
What are the prime factors of 181775?
5, 11, 661
List the prime factors of 5374469.
1429, 3761
What are the prime factors of 151559?
31, 4889
What are the prime factors of 23863512?
2, 3, 17, 23, 2543
What are the prime factors of 2378864?
2, 157, 947
What are the prime factors of 279098?
2, 53, 2633
List the prime factors of 58892.
2, 14723
List the prime factors of 886.
2, 443
What are the prime factors of 145818?
2, 3, 8101
What are the prime factors of 377675?
5, 15107
List the prime factors of 4830174.
2, 3, 268343
W